{"id":1336,"date":"2016-12-12T03:52:11","date_gmt":"2016-12-12T03:52:11","guid":{"rendered":"http:\/\/producirenchina.com\/?page_id=1336"},"modified":"2017-01-09T07:56:35","modified_gmt":"2017-01-09T07:56:35","slug":"ficha-tecnica","status":"publish","type":"page","link":"https:\/\/producirenchina.com\/index.php\/es\/ficha-tecnica\/","title":{"rendered":"Ficha T\u00e9cnica"},"content":{"rendered":"<p style=\"text-align: center;\"><strong>FICHA T\u00c9CNICA<\/strong><\/p>\n<p style=\"text-align: center;\">La ficha t\u00e9cnica es un documento imprescindible que tiene que estar confirmado por nosotros y por el cliente. Solo con ficha t\u00e9cnica o con una muestra les podemos ofrecer cotizaci\u00f3n final de la producci\u00f3n. Todos nuestros clientes grandes nos proveen con una ficha t\u00e9cnica (de ser posible en ingles) antes de comenzar con la fabricaci\u00f3n de indumentaria. La ficha t\u00e9cnica se puede saltar en unos casos especiales; por ejemplo cu\u00e1ndo el cliente personalmente elige el mismo modelo que tenemos en nuestro showroom y no desea hacer ningunos cambios en dise\u00f1o.<\/p>\n<p style=\"text-align: center;\"><strong>MATERIAL<\/strong>: En la ficha t\u00e9cnica tiene que aparecer mateial requerido en\u00a0todas las partes de la prenda.<\/p>\n<p style=\"text-align: center;\"><strong>CURVA DE TALLES<\/strong>: Se puede elegir cualquier curva de talles, lo m\u00e1s com\u00fan es \u00a0S a XL 1-2-2-2-1 o bien S a XXL 1-2-3-2-1.<\/p>\n<p style=\"text-align: center;\"><strong>ACCESORIOS Y LABELS<\/strong>: La ficha t\u00e9cnica deber\u00eda tambi\u00e9n contener informaci\u00f3n acerca de las etiquetas y otros tipos de \u00a0accesorios que se requieren. En la ficha t\u00e9cnica puede aparecer la posici\u00f3n de las etiquetas, sin embargo el dise\u00f1o de \u00a0las etiqueta tal como cualquier tipo de impresi\u00f3n tienen que venir en un documento separado en alta resoluci\u00f3n (min 300 dpi).<\/p>\n<p style=\"text-align: center;\"><img loading=\"lazy\" decoding=\"async\" class=\"aligncenter size-full wp-image-1812\" src=\"http:\/\/producirenchina.com\/wp-content\/uploads\/2016\/12\/B1-3NEW-700-x-408.jpg\" alt=\"Parte de ficha t\u00e9cnica que se necesita para oder fabricar indumentaria a medida.\" width=\"700\" height=\"408\" srcset=\"https:\/\/producirenchina.com\/wp-content\/uploads\/2016\/12\/B1-3NEW-700-x-408.jpg 700w, https:\/\/producirenchina.com\/wp-content\/uploads\/2016\/12\/B1-3NEW-700-x-408-600x350.jpg 600w, https:\/\/producirenchina.com\/wp-content\/uploads\/2016\/12\/B1-3NEW-700-x-408-300x175.jpg 300w\" sizes=\"auto, (max-width: 700px) 100vw, 700px\" \/><\/p>\n<p style=\"text-align: center;\">\n<p>&nbsp;<\/p>\n<p style=\"text-align: center;\"><strong>COLORES SEG\u00daN PANT\u00d3N TPX O CARTA DE COLORES:<\/strong> En nuestro showroom se encuantran varias cartas de colores de las que se pueden escoger colores que marquen la tendencia o colores que las f\u00e1bricas mantienen constantemente en su almac\u00e9n. Sin embargo, se puede realizar\u00a0cualquier color segun PANT\u00d3N TPX.<\/p>\n<p style=\"text-align: center;\"><img loading=\"lazy\" decoding=\"async\" class=\"aligncenter wp-image-1338 \" title=\"Ficha t\u00e9cnica, hoja t\u00e9cnica, colores de producci\u00f3n, curva de talles, fabricaci\u00f3n de ropa\" src=\"http:\/\/producirenchina.com\/wp-content\/uploads\/2016\/12\/\u8ba2\u5355B1-2-1024x360.jpg\" alt=\"Ficha t\u00e9cnica de producci\u00f3n de indumentaria con CTS\" width=\"777\" height=\"273\" srcset=\"https:\/\/producirenchina.com\/wp-content\/uploads\/2016\/12\/\u8ba2\u5355B1-2-1024x360.jpg 1024w, https:\/\/producirenchina.com\/wp-content\/uploads\/2016\/12\/\u8ba2\u5355B1-2-600x211.jpg 600w, https:\/\/producirenchina.com\/wp-content\/uploads\/2016\/12\/\u8ba2\u5355B1-2-300x106.jpg 300w, https:\/\/producirenchina.com\/wp-content\/uploads\/2016\/12\/\u8ba2\u5355B1-2-768x270.jpg 768w\" sizes=\"auto, (max-width: 777px) 100vw, 777px\" \/><\/p>\n<p style=\"text-align: center;\"><strong>CIERRES Y BOTONES: <\/strong>la ficha t\u00e9cnica tiene que contener informaci\u00f3n acerca de los cierres y botones requeridos. Generalmente se especifica el tama\u00f1o (de cierre y de cabezal), material y marca (que representa calidad en este caso). Por supuesto si la producci\u00f3n se hace seg\u00fan una muestra, los cierres y botones ser\u00edan exactamente seg\u00fan la muestra. Para definir este punto nuestro <a href=\"http:\/\/producirenchina.com\/index.php\/2016\/09\/12\/tipos-de-cierres-cremalleras\/\">POST<\/a> de este tema podr\u00eda ser de alta utilidad<\/p>\n<p style=\"text-align: center;\"><strong>IMPRESI\u00d3N DE LOGO: <\/strong>Deber\u00eda aparecer \u00a0posici\u00f3n espec\u00edfica de la impresi\u00f3n de logo. El dise\u00f1o de logo tenemos que recibir en un documento separado en buena resoluci\u00f3n (min 300 dpi).<\/p>\n<p style=\"text-align: center;\"><strong>APLIQUES (parche, bordado, impresi\u00f3n con efecto 3D, otro tipo de decoraci\u00f3n):<\/strong>\u00a0Deber\u00eda aparecer \u00a0posici\u00f3n espec\u00edfica del aplique y material. El dise\u00f1o de aplique tenemos que recibir en un documento separado en buena resoluci\u00f3n (min 300 dpi).<\/p>\n<p style=\"text-align: center;\"><img loading=\"lazy\" decoding=\"async\" class=\"aligncenter size-full wp-image-1813\" src=\"http:\/\/producirenchina.com\/wp-content\/uploads\/2016\/12\/B1-1Corrected-700-x-598.jpg\" alt=\"Ficha t\u00e9cnica para poder producir ropa en China. Fabricaci\u00f3n de indumentaria a medida en China.\" width=\"700\" height=\"598\" srcset=\"https:\/\/producirenchina.com\/wp-content\/uploads\/2016\/12\/B1-1Corrected-700-x-598.jpg 700w, https:\/\/producirenchina.com\/wp-content\/uploads\/2016\/12\/B1-1Corrected-700-x-598-600x513.jpg 600w, https:\/\/producirenchina.com\/wp-content\/uploads\/2016\/12\/B1-1Corrected-700-x-598-300x256.jpg 300w\" sizes=\"auto, (max-width: 700px) 100vw, 700px\" \/><\/p>\n<p style=\"text-align: center;\">\n<p style=\"text-align: center;\"><strong>TABLA DE MEDIDAS: <\/strong>Tabla de medidas es una parte importante de cada ficha t\u00e9cnica. Si la producci\u00f3n se hace seg\u00fan una muestra, la tabla de medidas se hace extrapolando las medidas. Una vez est\u00e1 definida la tabla, se le env\u00eda al cliente para que confirme.<\/p>\n<p style=\"text-align: center;\"><strong>PACKAGING:<\/strong>\u00a0En caso de ser necesario, la ficha t\u00e9cnica tambi\u00e9n contiene informaci\u00f3n acerca del tipo de empaquetaci\u00f3n externo e interno.<\/p>\n<p style=\"text-align: center;\">Generalmente se suelen hacer dos tandas de muestras. Miestras que la primera muestra suele ser m\u00e1s orientativa y sirve para que el cliente decida si quiere producir o no, las segunda tanda de muestras (muestras de preproducci\u00f3n) ya se hace despu\u00e9s del pago de anticipo. Vean nuestro <a href=\"http:\/\/producirenchina.com\/index.php\/2016\/09\/10\/resumen-del-sistema-de-envio-puerta-a-puerta-a-argentina-como-enviar-muestras-de-produccion\/\">POST<\/a> como enviar muestras puerta a puerta a la Argentina.<\/p>\n<p>&nbsp;<\/p>\n<p style=\"text-align: center;\"><strong>PRODUCTO TERMINADO<\/strong><\/p>\n<p style=\"text-align: center;\"><img loading=\"lazy\" decoding=\"async\" class=\"alignnone wp-image-1343\" title=\"producci\u00f3n de indumentaria en China, fabricaci\u00f3n de indumentaria en China, pfabricaci\u00f3n de ropa seg\u00fan ficha t\u00e9cnica\" src=\"http:\/\/producirenchina.com\/wp-content\/uploads\/2016\/12\/FichaTecnica.jpg\" alt=\"Producto terminado fabricado con CTS seg\u00fan la ficha t\u00e9cnica\" width=\"700\" height=\"414\" srcset=\"https:\/\/producirenchina.com\/wp-content\/uploads\/2016\/12\/FichaTecnica.jpg 900w, https:\/\/producirenchina.com\/wp-content\/uploads\/2016\/12\/FichaTecnica-600x355.jpg 600w, https:\/\/producirenchina.com\/wp-content\/uploads\/2016\/12\/FichaTecnica-300x177.jpg 300w, https:\/\/producirenchina.com\/wp-content\/uploads\/2016\/12\/FichaTecnica-768x454.jpg 768w\" sizes=\"auto, (max-width: 700px) 100vw, 700px\" \/><\/p>\n","protected":false},"excerpt":{"rendered":"<p>FICHA T\u00c9CNICA La ficha t\u00e9cnica es un documento imprescindible que tiene que estar confirmado por nosotros y por el cliente. Solo con ficha t\u00e9cnica o con una muestra les podemos ofrecer cotizaci\u00f3n final de la producci\u00f3n. Todos nuestros clientes grandes nos proveen con una ficha t\u00e9cnica (de ser posible en<\/p>\n","protected":false},"author":2,"featured_media":0,"parent":0,"menu_order":0,"comment_status":"closed","ping_status":"closed","template":"fullwidth.php","meta":{"footnotes":""},"class_list":["post-1336","page","type-page","status-publish","hentry"],"aioseo_notices":[],"jetpack_sharing_enabled":true,"_links":{"self":[{"href":"https:\/\/producirenchina.com\/index.php\/wp-json\/wp\/v2\/pages\/1336","targetHints":{"allow":["GET"]}}],"collection":[{"href":"https:\/\/producirenchina.com\/index.php\/wp-json\/wp\/v2\/pages"}],"about":[{"href":"https:\/\/producirenchina.com\/index.php\/wp-json\/wp\/v2\/types\/page"}],"author":[{"embeddable":true,"href":"https:\/\/producirenchina.com\/index.php\/wp-json\/wp\/v2\/users\/2"}],"replies":[{"embeddable":true,"href":"https:\/\/producirenchina.com\/index.php\/wp-json\/wp\/v2\/comments?post=1336"}],"version-history":[{"count":9,"href":"https:\/\/producirenchina.com\/index.php\/wp-json\/wp\/v2\/pages\/1336\/revisions"}],"predecessor-version":[{"id":1814,"href":"https:\/\/producirenchina.com\/index.php\/wp-json\/wp\/v2\/pages\/1336\/revisions\/1814"}],"wp:attachment":[{"href":"https:\/\/producirenchina.com\/index.php\/wp-json\/wp\/v2\/media?parent=1336"}],"curies":[{"name":"wp","href":"https:\/\/api.w.org\/{rel}","templated":true}]}}